{"id":63,"date":"2024-02-12T15:22:07","date_gmt":"2024-02-12T15:22:07","guid":{"rendered":"https:\/\/caos.inf.unibz.it\/?page_id=63"},"modified":"2025-02-28T17:38:53","modified_gmt":"2025-02-28T17:38:53","slug":"pastcaos-caos24-organisation","status":"publish","type":"page","link":"https:\/\/caos.inf.unibz.it\/index.php\/pastcaos-caos24-organisation\/","title":{"rendered":"Organisation (2024)"},"content":{"rendered":"\n<h1 class=\"wp-block-heading has-black-color has-text-color has-link-color wp-elements-468a833bfac2a2f7f064abfee7cdafde\">Organisation 2024<\/h1>\n\n\n\n<h2 class=\"wp-block-heading has-black-color has-text-color has-link-color wp-elements-aa962c33c2a1b1b7105e25d3331236df\">Organising Committee<\/h2>\n\n\n\n<p><a href=\"https:\/\/stendoipanni.github.io\/\">Stefano De Giorgis<\/a> &#8211; National Research Council (CNR), Italy<br><a href=\"https:\/\/www.hf.uio.no\/ifikk\/english\/people\/aca\/philosophy\/temporary\/guendalr\/index.html\">Guendalina Righetti<\/a> &#8211; University of Oslo, Norway<br><a href=\"https:\/\/dkm.fbk.eu\/author\/gabrielesacco\/\">Gabriele Sacco<\/a> &#8211; Free University of Bozen-Bolzano, Italy<br><a href=\"https:\/\/www.mariamhedblom.com\/\">Maria Hedblom<\/a> &#8211; J\u00f6nk\u00f6ping AI Lab (JAIL), J\u00f6nk\u00f6ping University, Sweden<br><a href=\"https:\/\/www.unibz.it\/en\/faculties\/engineering\/academic-staff\/person\/35483-oliver-kutz\">Oliver Kutz<\/a> &#8211; Free University of Bozen-Bolzano, Italy<\/p>\n\n\n\n<h2 class=\"wp-block-heading has-black-color has-text-color has-link-color wp-elements-9c133ee4b95e9e798f676d9b644b0fb6\"><\/h2>\n\n\n\n<p><\/p>\n","protected":false},"excerpt":{"rendered":"<p>Organisation 2024 Organising Committee Stefano De Giorgis &#8211; National Research Council (CNR), ItalyGuendalina Righetti &#8211; University of Oslo, NorwayGabriele Sacco &#8211; Free University of Bozen-Bolzano, ItalyMaria Hedblom &#8211; J\u00f6nk\u00f6ping AI Lab (JAIL), J\u00f6nk\u00f6ping University, SwedenOliver Kutz &#8211; Free University of Bozen-Bolzano, Italy<\/p>\n","protected":false},"author":4,"featured_media":0,"parent":0,"menu_order":0,"comment_status":"closed","ping_status":"closed","template":"page-fullwidth.php","meta":{"footnotes":""},"class_list":["post-63","page","type-page","status-publish","hentry"],"_links":{"self":[{"href":"https:\/\/caos.inf.unibz.it\/index.php\/wp-json\/wp\/v2\/pages\/63","targetHints":{"allow":["GET"]}}],"collection":[{"href":"https:\/\/caos.inf.unibz.it\/index.php\/wp-json\/wp\/v2\/pages"}],"about":[{"href":"https:\/\/caos.inf.unibz.it\/index.php\/wp-json\/wp\/v2\/types\/page"}],"author":[{"embeddable":true,"href":"https:\/\/caos.inf.unibz.it\/index.php\/wp-json\/wp\/v2\/users\/4"}],"replies":[{"embeddable":true,"href":"https:\/\/caos.inf.unibz.it\/index.php\/wp-json\/wp\/v2\/comments?post=63"}],"version-history":[{"count":8,"href":"https:\/\/caos.inf.unibz.it\/index.php\/wp-json\/wp\/v2\/pages\/63\/revisions"}],"predecessor-version":[{"id":9389,"href":"https:\/\/caos.inf.unibz.it\/index.php\/wp-json\/wp\/v2\/pages\/63\/revisions\/9389"}],"wp:attachment":[{"href":"https:\/\/caos.inf.unibz.it\/index.php\/wp-json\/wp\/v2\/media?parent=63"}],"curies":[{"name":"wp","href":"https:\/\/api.w.org\/{rel}","templated":true}]}}