{"id":9353,"date":"2025-02-28T16:35:19","date_gmt":"2025-02-28T16:35:19","guid":{"rendered":"https:\/\/caos.inf.unibz.it\/?page_id=9353"},"modified":"2025-07-14T12:47:58","modified_gmt":"2025-07-14T12:47:58","slug":"organisation","status":"publish","type":"page","link":"https:\/\/caos.inf.unibz.it\/index.php\/organisation\/","title":{"rendered":"Organisation (2025)"},"content":{"rendered":"\n<h2 class=\"wp-block-heading has-black-color has-text-color has-link-color wp-elements-aa962c33c2a1b1b7105e25d3331236df\">Organising Committee<\/h2>\n\n\n\n<p><a href=\"https:\/\/stendoipanni.github.io\/\">Stefano De Giorgis<\/a> &#8211; National Research Council (CNR), Italy<br><a href=\"https:\/\/www.hf.uio.no\/ifikk\/english\/people\/aca\/philosophy\/temporary\/guendalr\/index.html\">Guendalina Righetti<\/a> &#8211; University of Oslo, Norway<br><a href=\"https:\/\/dkm.fbk.eu\/author\/gabrielesacco\/\">Gabriele Sacco<\/a> &#8211; Free University of Bozen-Bolzano, Italy<br><a href=\"https:\/\/www.unibo.it\/sitoweb\/nicolas.lazzari3\">Nicolas Lazzari<\/a> &#8211; University of Bologna \/ University of Pisa, Italy<\/p>\n\n\n\n<h2 class=\"wp-block-heading has-black-color has-text-color has-link-color wp-elements-5f0394ded92ba008b800513957b37117\">Steering Committee<\/h2>\n\n\n\n<p><strong>Maria Hedblom<\/strong>, J\u00f6nk\u00f6ping University<br><strong>Oliver Kutz<\/strong>, University of Bozen-Bolzano<\/p>\n\n\n\n<h2 class=\"wp-block-heading has-black-color has-text-color has-link-color wp-elements-466e335c19db0ddc3eed43b4fa05985f\">Program Committee<\/h2>\n\n\n\n<p>Greta Adamo, Universitat Polit\u00e8cnica de Val\u00e8ncia<br>Loris Bozzato, Fondazione Bruno Kessler<br>Tiziano Dalmonte, Free University of Bozen-Bolzano<br>Beatrice Fiuman\u00f2, University of Bologna<br>Bart Gajderowicz, University of Toronto<br>Anton Gnatenko, Free University of Bozen-Bolzano<br>Michael Gruninger, University of Toronto<br>Gabriele Kern-Isberner, Technische Universit\u00e4t Dortmund<br>Nicolas Lazzari, University of Bologna<br>Mena Leemhuis, Free University of Bozen-Bolzano<br>Anna Sofia Lippolis, CNR ISTC<br>Claudio Masolo, Laboratory for Applied Ontology, ISTC-CNR, Trento<br>Bal\u00e1zs Mosolyg\u00f3, University of Bergen<br>Daniele Porello, University of Genova<br>Emilio M. Sanfilippo, ISTC-CNR Laboratory for Applied Ontology<br>Kai Sauerwald, University of Hagen<br>Marco Schorlemmer, Artificial Intelligence Research Institute (IIIA), CSIC<br>He Tan, J\u00f6nk\u00f6ping University<br>Nikolaos Tsiogkas, KU Leuven<br>Marta Maria Vilardo, University of Catania<br>Francesco Antonio Zaccarini, University of Bologna<\/p>\n","protected":false},"excerpt":{"rendered":"<p>Organising Committee Stefano De Giorgis &#8211; National Research Council (CNR), ItalyGuendalina Righetti &#8211; University of Oslo, NorwayGabriele Sacco &#8211; Free University of Bozen-Bolzano, ItalyNicolas Lazzari &#8211; University of Bologna \/ University of Pisa, Italy Steering Committee Maria Hedblom, J\u00f6nk\u00f6ping UniversityOliver Kutz, University of Bozen-Bolzano Program Committee Greta Adamo, Universitat Polit\u00e8cnica de Val\u00e8nciaLoris Bozzato, Fondazione Bruno [&hellip;]<\/p>\n","protected":false},"author":4,"featured_media":0,"parent":0,"menu_order":0,"comment_status":"closed","ping_status":"closed","template":"page-fullwidth.php","meta":{"footnotes":""},"class_list":["post-9353","page","type-page","status-publish","hentry"],"_links":{"self":[{"href":"https:\/\/caos.inf.unibz.it\/index.php\/wp-json\/wp\/v2\/pages\/9353","targetHints":{"allow":["GET"]}}],"collection":[{"href":"https:\/\/caos.inf.unibz.it\/index.php\/wp-json\/wp\/v2\/pages"}],"about":[{"href":"https:\/\/caos.inf.unibz.it\/index.php\/wp-json\/wp\/v2\/types\/page"}],"author":[{"embeddable":true,"href":"https:\/\/caos.inf.unibz.it\/index.php\/wp-json\/wp\/v2\/users\/4"}],"replies":[{"embeddable":true,"href":"https:\/\/caos.inf.unibz.it\/index.php\/wp-json\/wp\/v2\/comments?post=9353"}],"version-history":[{"count":6,"href":"https:\/\/caos.inf.unibz.it\/index.php\/wp-json\/wp\/v2\/pages\/9353\/revisions"}],"predecessor-version":[{"id":9415,"href":"https:\/\/caos.inf.unibz.it\/index.php\/wp-json\/wp\/v2\/pages\/9353\/revisions\/9415"}],"wp:attachment":[{"href":"https:\/\/caos.inf.unibz.it\/index.php\/wp-json\/wp\/v2\/media?parent=9353"}],"curies":[{"name":"wp","href":"https:\/\/api.w.org\/{rel}","templated":true}]}}